ctors of g(0).
2, 5, 7
Let t = 107 - -156. What are the prime factors of t?
263
Suppose -9 = 2*t + b - 4*b, -5*t - 6 = -2*b. Let u(h) = h**3 + h**2 + h + 19. List the prime factors of u(t).
19
Let w(a) = 222*a**3 - 2*a**2 + a + 2. List the prime factors of w(2).
2, 443
Suppose w = -5*m + 1059, -2*w + 5*m - 7*m = -2134. What are the prime factors of w?
1069
Suppose -409*f - 1430 = -422*f. What are the prime factors of f?
2, 5, 11
Let v be (6/7)/(6/21). Suppose -5*a + 74 = v*i, 10 + 4 = a + i. Let k = -4 + a. What are the prime factors of k?
2, 3
Let g(v) = 3*v - 3. Suppose 5*d = l + 31, 7 + 6 = -d + 5*l. Suppose 8*p - d*p - 6 = 0. What are the prime factors of g(p)?
3, 5
List the prime factors of 26 - 32 - 11960/(-5).
2, 1193
Let x(h) = 2*h - 31. Let j be x(17). Suppose 0 = -4*y + j*y. Suppose m - 61 = -y*m - 2*k, -k = -5. List the prime factors of m.
3, 17
Let j(v) = 190*v**2 + 6*v - 4. List the prime factors of j(1).
2, 3
Let a(l) = -12*l**3 + 2*l + 4. Let q be a(-2). Let o = q + -68. What are the prime factors of o?
2, 7
Let d(z) = -z**3 + 10*z**2 - 2*z + 20. Let b be d(10). Suppose b = 5*k - 8*k + 318. What are the prime factors of k?
2, 53
Suppose 7031 = 3*n + 39*x - 38*x, 2*x + 4698 = 2*n. What are the prime factors of n?
5, 7, 67
Let w be 3*(-12)/(-9)*1. Suppose w*h - 8*h = -12. Suppose -6*p + 141 = -h*p. List the prime factors of p.
47
Let s(v) = 31*v**2 - 3*v + 7. List the prime factors of s(6).
5, 13, 17
Let o be (44/(-6))/(0 + (-2)/36). Let l = -52 + o. What are the prime factors of l?
2, 5
Let d = 36 + -44. List the prime factors of (-87)/d - 3/(-24).
11
Let m = -28 - -48. Let l(w) = 4*w**2 + w - 4. Let z be l(-4). List the prime factors of 20*(z/m + -2).
2
Let l(u) = -495*u + 6. What are the prime factors of l(-1)?
3, 167
Let i(k) = 25*k**2 + 39*k + 302. What are the prime factors of i(-9)?
2, 13, 19
Let p = -6 + -4. Suppose 5*w = -2*h - 6, 0 = -0*h + 4*h + 12. What are the prime factors of (p + 9)*(-35 - w)?
5, 7
Suppose 0 = r + 2*r + y + 493, -4 = 4*y. Let c = r + 293. What are the prime factors of c?
3, 43
Let c(b) = -b**3 - 14*b**2 - 26*b - 10. List the prime factors of c(-12).
2, 7
Suppose 310 + 120 = -5*b. Let d be 2*-38*(-1)/(-4). Let n = d - b. What are the prime factors of n?
67
Let q(m) = 10*m + 457. What are the prime factors of q(0)?
457
Let r be (-16)/2*19/(-38). Suppose -2*b = -r*i - 62, 3*b - 4*i - 73 = 26. What are the prime factors of b?
37
List the prime factors of 24*(-7)/28*-38.
2, 3, 19
Let f(m) = -21*m - 5. Let r(b) = 4*b + 1. Let c(t) = 2*f(t) + 11*r(t). Let g be c(-5). What are the prime factors of (g/(-6) + -2)*-48?
2, 3
Suppose 0 = -3*j - 2*j + 85. Let w(u) = u**2 - 4*u + 25. What are the prime factors of w(j)?
2, 3, 41
Suppose -3*q + 799 = -4*z, -2*z + 5 = 1. Let f = -6 + q. List the prime factors of f.
263
Suppose 4*u - x - x = -14, -3*u + 3 = 3*x. Let l = u + 19. What are the prime factors of l?
17
Let d(q) = 2*q + 14. Let k be d(-12). Let i = 10 + k. Suppose 0 = y - i*y - 5. What are the prime factors of y?
5
Let i be 4*1*126/(-24). Let b = 41 + i. Let g = 37 - b. List the prime factors of g.
17
Suppose m - 8 = -m. Suppose -5*x - 19 = -r, -m*x - 8 = -3*r + 4*r. Suppose -28 = -k - r. What are the prime factors of k?
2, 3
Suppose 37*w = 34*w + 1533. What are the prime factors of w?
7, 73
Let d = 23 - 20. What are the prime factors of -4 - (3 - d) - -62?
2, 29
Let f(g) = g**3 + 9*g**2 + 4*g + 8. Let r = -27 + -1. Let q = r + 20. List the prime factors of f(q).
2, 5
List the prime factors of 495/30*(-2 + 4).
3, 11
Let v(d) = -d**2 - 8*d + 3. Let k be v(-8). Let m(o) be the second derivative of o**5/20 - o**4/12 - o**3/3 + o**2 + 23*o. List the prime factors of m(k).
2, 7
Let y(p) = -2*p**3 + 48*p**2 + 36*p - 18. List the prime factors of y(24).
2, 3, 47
Suppose 0 = -4*u + d + 3603, u - 140 = -3*d + 751. Suppose -u = -x - 4*x. Suppose x = -5*z + 8*z. What are the prime factors of z?
2, 3, 5
Suppose -25*c + 23*c + 10 = 0. Suppose -3*z + 6*z = 660. Suppose -z = -4*w - 3*i, 3*w - c*i - 261 = -67. List the prime factors of w.
2, 29
Let z = -10 - -14. Suppose 0*u + 4*u = 2*i + 10, -z*i + 19 = 5*u. Suppose 0*l - 48 = -u*l. List the prime factors of l.
2
Suppose -7*w + 3620 = 3*w. Suppose 3*t + i = 5*t - 253, 3*t = -2*i + w. List the prime factors of t.
2, 31
Let s(b) = -2*b**3 - 2*b**2 - b - 2. Let m be s(-2). Let l(d) = 2*d + m + 2*d - 5*d. List the prime factors of l(6).
2
Let n = 47 - -373. List the prime factors of n.
2, 3, 5, 7
Suppose 0 = 143*y - 122*y - 65772. What are the prime factors of y?
2, 3, 29
Let j(z) = -z**2 + 10*z - 17. Let n be j(7). What are the prime factors of 105/(-2)*(0 - n/6)?
5, 7
Let x(a) = 13*a**3 + 4*a**2 - 13*a + 188. Let y(r) = 3*r**3 + r**2 - 3*r + 47. Let m(j) = -2*x(j) + 9*y(j). List the prime factors of m(0).
47
Let i(x) = x**2 - x + 2. Let j be i(1). List the prime factors of ((-3)/9)/(j - (-283)/(-141)).
47
Suppose j = -3*a - 0*j - 61, 2*j = 2*a + 30. Let i = a + 73. List the prime factors of i.
2, 3
Let i(b) = -b**3 + 10*b**2 + 2*b - 13. Let t be i(10). Suppose 2*f - 3*y = t*f - 22, -2*f = -y. List the prime factors of (10/(-20))/(f/(-92)).
23
Suppose -5*f - 7482 = -8*f + y, 2*f + y = 4988. What are the prime factors of f?
2, 29, 43
Let c = -76 - -184. Suppose -17*j = -19*j + c. List the prime factors of j.
2, 3
Suppose 0 = -z - 2*z + 2*w + 285, 4*w + 477 = 5*z. Let n = z - 46. What are the prime factors of n?
47
Let l(p) = p + 15. Let v be l(-15). Suppose -5*i - 100 = -v*i. Let h = i + 38. What are the prime factors of h?
2, 3
Let y(b) = 8*b - 10. Let r be y(0). What are the prime factors of 3/6*r*-33?
3, 5, 11
Let z = -345 + 1465. What are the prime factors of z?
2, 5, 7
What are the prime factors of (-30635)/(-35) - 6*5/105?
5, 7
Let v = 659 + -340. What are the prime factors of v?
11, 29
Let a be (-201)/(-39) + 2/(-13). Let q = 3 - a. List the prime factors of ((-76)/(-8))/(q/(-4)).
19
Suppose -8*j = -1470 - 3338. List the prime factors of j.
601
Let l(t) = 3*t**2 - 4*t + 2. Let w be l(3). Let r(v) = -v**3 - v. Let g be r(2). Let j = g + w. List the prime factors of j.
7
List the prime factors of ((-1603)/(-7) - -9) + 11.
3, 83
Let x(l) = l**3 + 8*l**2 + 4*l + 3. Let u be (-8)/(-2) - (-42)/7. Suppose -5*n + 2*t = -2*t + 28, 0 = n - 3*t + u. What are the prime factors of x(n)?
3, 17
Let i(n) be the first derivative of -5*n**2/2 + 3*n + 1. Suppose 4*f + 0*q + 12 = 2*q, 5*f - q + 18 = 0. What are the prime factors of i(f)?
23
Let p = -75 + 128. Suppose 0 = -4*f - 4*q + 269 - p, 0 = 3*f + 2*q - 158. List the prime factors of f.
2, 5
Let h = 1091 - 680. What are the prime factors of h?
3, 137
Let r(s) = 152*s - 86. What are the prime factors of r(3)?
2, 5, 37
Let t(r) = -r + 2. Let f = 0 + 10. Let i be t(f). Let b = i + 50. What are the prime factors of b?
2, 3, 7
List the prime factors of 50*(-4)/(-50)*115.
2, 5, 23
Suppose 9*a = 8 + 1. What are the prime factors of (0 + (13 - 0))/a?
13
Suppose 134 = -6*b - 46. Let o = -26 - -15. Let i = o - b. List the prime factors of i.
19
What are the prime factors of 1*16/(-40)*-1200?
2, 3, 5
Suppose 0 = -6*u + 972 + 8142. List the prime factors of u.
7, 31
Let t be (2 + 16/(-6))*6. Suppose -2*g = 3*g + 55. Let b = t - g. What are the prime factors of b?
7
Let a(j) = 16*j + 4. Let f be ((-3)/3)/(1/(-7)). Let n be a(f). Suppose -4*z + 2*k + n = -3*k, 5*z + 2*k - 145 = 0. What are the prime factors of z?
29
Suppose 3*h = 3*w + w - 89, -4*h = -3*w + 58. What are the prime factors of w?
2, 13
Suppose 0 = 5*s + m - 15, 3*s + 2*m - 8 = 1. Suppose 0 = -h - 4*q + 3, s*h - 33 = 4*q + 56. What are the prime factors of h?
23
Let f(y) = y**2 - 5*y - 6. Let p(j) = -j**2 + 5*j + 7. Let x(c) = -2*f(c) - 3*p(c). List the prime factors of x(10).
41
Let w(k) = k**3 - 7*k**2 + 7*k - 4. Let b be w(6). Suppose -3*p + 49 = b*d, 4*d = 2*p - 4*p + 38. Let s = 33 - p. What are the prime factors of s?
2, 3
Suppose -q + 1 + 8 = 0. Suppose n + 3 - 4 = -2*d, -q = -3*d - 3*n. List the prime factors of 121/4 + d/8.
2, 3, 5
Suppose 0 = -4*l + 4*x + 392, -l = -6*l + 2*x + 499. What are the prime factors of l?
101
Let c = -14 - -5. What are the prime factors of 7 + c - (-1)/(2/232)?
2, 3, 19
Let h(f) = -12 - 4*f + 3*f - 4*f. Let t be h(9). List the prime factors of 